{"id":719,"date":"2017-03-13T17:45:50","date_gmt":"2017-03-13T16:45:50","guid":{"rendered":"http:\/\/www.porodniasistentky.info\/?page_id=719"},"modified":"2017-03-14T08:49:23","modified_gmt":"2017-03-14T07:49:23","slug":"719-2","status":"publish","type":"page","link":"https:\/\/www.porodniasistentky.info\/index.php\/pruzkumy\/719-2\/","title":{"rendered":"Dotazn\u00edk porodnick\u00e9 analgezie a anestezie &#8211; Anesteziologie"},"content":{"rendered":"<p><strong><em>V\u00e1\u017een\u00fd pane p\u0159ednosto, v\u00e1\u017een\u00fd pane prim\u00e1\u0159i,<\/em><\/strong><\/p>\n<p>Sekce analgezie a intenzivn\u00ed medic\u00edny v porodnictv\u00ed (d\u00e1le tak\u00e9 SAIMP) p\u0159i \u010cGPS \u010cLS JEP monitoruje v\u00fdvoj jednotliv\u00fdch analgetick\u00fdch a anesteziologick\u00fdch metod v\u00a0\u010cesk\u00e9 republice a jejich vliv na na\u0161e perinatologick\u00e9 v\u00fdsledky. V\u00fdsledky jsou bezodkladn\u011b zve\u0159ej\u0148ov\u00e1ny v\u00a0odborn\u00e9m tisku nebo formou p\u0159edn\u00e1\u0161ek na celost\u00e1tn\u00edch kongresech \u010cSARIM a \u010cGPS, nov\u011bji pak na internetov\u00e9 adrese: <a href=\"https:\/\/www.lekaridnes.cz\">www.lekaridnes.cz<\/a><\/p>\n<p>Jsme si v\u011bdomi administrativn\u00ed z\u00e1t\u011b\u017ee, kterou na n\u00e1s na v\u0161echny sou\u010dasn\u00fd zdravotnick\u00fd syst\u00e9m klade, a proto p\u0159ilo\u017een\u00fd dotazn\u00edk, kter\u00fd je v\u00a0leto\u0161n\u00edm roce po\u0159\u00edzen v\u00a0elektronick\u00e9 podob\u011b, je co nejv\u00edce zjednodu\u0161en. Pro vypln\u011bn\u00ed sta\u010d\u00ed kliknout na odkaz n\u00ed\u017ee.<\/p>\n<p><a href=\"https:\/\/www.survio.com\/survey\/d\/B4B4X9D9I4N6N2T3D\">DOTAZN\u00cdK &#8211; N\u00c1RODN\u00cd P\u0158EHLED PORODNICK\u00c1 ANALGEZIE A ANESTEZIE 2016<\/a><\/p>\n<p>Sb\u011br dat prov\u00e1d\u00ed SAIMP od roku 1994 (!). Jako v p\u0159edchoz\u00edch letech vyu\u017eijeme <strong>spolupr\u00e1ce s\u00a0\u010ceskou spole\u010dnost\u00ed porodn\u00edch asistentek <\/strong>(d\u00e1le tak\u00e9 <strong>\u010cSPA<\/strong>).<\/p>\n<p>\u010clenky \u010cSPA jsou ochotny p\u0159ijet po p\u0159edchoz\u00ed domluv\u011b do va\u0161\u00ed nemocnice a s\u00a0V\u00e1mi osobn\u011b nebo s\u00a0V\u00e1mi pov\u011b\u0159en\u00fdm z\u00e1stupcem prov\u00e9st dopln\u011bn\u00ed dat\/informac\u00ed, kter\u00e1\/\u00e9 budou p\u0159\u00ednosn\u00e9 pro dopln\u011bn\u00ed p\u0159ehledu \u00farovn\u011b \u010desk\u00e9 perinatologie.<br \/>\n<strong><em>S\u00a0p\u0159\u00e1telsk\u00fdm pozdravem a s pod\u011bkov\u00e1n\u00edm za spolupr\u00e1ci<\/em><\/strong><\/p>\n<p><img decoding=\"async\" class=\"alignnone wp-image-715\" src=\"https:\/\/www.porodniasistentky.info\/wp-content\/uploads\/2017\/03\/podpis-300x183.png\" alt=\"\" width=\"274\" height=\"167\" srcset=\"https:\/\/www.porodniasistentky.info\/wp-content\/uploads\/2017\/03\/podpis-300x183.png 300w, https:\/\/www.porodniasistentky.info\/wp-content\/uploads\/2017\/03\/podpis.png 645w\" sizes=\"(max-width: 274px) 100vw, 274px\" \/><\/p>\n<p>prof. MUDr. Anton\u00edn Pa\u0159\u00edzek, CSc.<\/p>\n<p>p\u0159edseda Sekce analgezie a intenzivn\u00ed<br \/>\nmedic\u00edny v porodnictv\u00ed p\u0159i \u010cGPS \u010cLS JEP<\/p>\n","protected":false},"excerpt":{"rendered":"<p>V\u00e1\u017een\u00fd pane p\u0159ednosto, v\u00e1\u017een\u00fd pane prim\u00e1\u0159i, Sekce analgezie a intenzivn\u00ed medic\u00edny v porodnictv\u00ed (d\u00e1le tak\u00e9 SAIMP) p\u0159i \u010cGPS \u010cLS JEP monitoruje v\u00fdvoj jednotliv\u00fdch analgetick\u00fdch a anesteziologick\u00fdch metod v\u00a0\u010cesk\u00e9 republice a jejich vliv na na\u0161e perinatologick\u00e9 v\u00fdsledky. V\u00fdsledky jsou bezodkladn\u011b zve\u0159ej\u0148ov\u00e1ny<\/p>\n","protected":false},"author":2,"featured_media":0,"parent":96,"menu_order":11,"comment_status":"closed","ping_status":"closed","template":"","meta":{"inline_featured_image":false,"footnotes":""},"class_list":["post-719","page","type-page","status-publish","hentry","","tg-column-two"],"_links":{"self":[{"href":"https:\/\/www.porodniasistentky.info\/index.php\/wp-json\/wp\/v2\/pages\/719","targetHints":{"allow":["GET"]}}],"collection":[{"href":"https:\/\/www.porodniasistentky.info\/index.php\/wp-json\/wp\/v2\/pages"}],"about":[{"href":"https:\/\/www.porodniasistentky.info\/index.php\/wp-json\/wp\/v2\/types\/page"}],"author":[{"embeddable":true,"href":"https:\/\/www.porodniasistentky.info\/index.php\/wp-json\/wp\/v2\/users\/2"}],"replies":[{"embeddable":true,"href":"https:\/\/www.porodniasistentky.info\/index.php\/wp-json\/wp\/v2\/comments?post=719"}],"version-history":[{"count":5,"href":"https:\/\/www.porodniasistentky.info\/index.php\/wp-json\/wp\/v2\/pages\/719\/revisions"}],"predecessor-version":[{"id":730,"href":"https:\/\/www.porodniasistentky.info\/index.php\/wp-json\/wp\/v2\/pages\/719\/revisions\/730"}],"up":[{"embeddable":true,"href":"https:\/\/www.porodniasistentky.info\/index.php\/wp-json\/wp\/v2\/pages\/96"}],"wp:attachment":[{"href":"https:\/\/www.porodniasistentky.info\/index.php\/wp-json\/wp\/v2\/media?parent=719"}],"curies":[{"name":"wp","href":"https:\/\/api.w.org\/{rel}","templated":true}]}}