{"id":479,"date":"2016-10-31T10:30:01","date_gmt":"2016-10-31T09:30:01","guid":{"rendered":"http:\/\/porodniasistentky.3sixty.eu\/?page_id=479"},"modified":"2016-10-31T17:00:37","modified_gmt":"2016-10-31T16:00:37","slug":"narodni-studie-kojeni-a-jeho-vliv-na-zdravotni-stav-ditete","status":"publish","type":"page","link":"https:\/\/www.porodniasistentky.info\/index.php\/pruzkumy\/narodni-studie-kojeni-a-jeho-vliv-na-zdravotni-stav-ditete\/","title":{"rendered":"N\u00e1rodn\u00ed studie kojen\u00ed a jeho vliv na zdravotn\u00ed stav d\u00edt\u011bte"},"content":{"rendered":"<p>Dobr\u00fd den,<\/p>\n<p>v\u011bnujte pros\u00edm n\u011bkolik minut sv\u00e9ho \u010dasu vypln\u011bn\u00edm n\u00e1sleduj\u00edc\u00edho dotazn\u00edku, kter\u00fd byl p\u0159ipraven pod z\u00e1\u0161titou \u010cesk\u00e9 spole\u010dnosti porodn\u00edch asistentek. Dotazn\u00edk je ur\u010den respondentk\u00e1m s d\u00edt\u011btem ve st\u00e1\u0159\u00ed 1 rok a v\u00edce.<\/p>\n<p><a href=\"https:\/\/www.survio.com\/survey\/d\/N4V1L4M2G6E1Q7N5I\">Pro vypln\u011bn\u00ed dotazn\u00edku pokra\u010dujte zde.<\/a><\/p>\n","protected":false},"excerpt":{"rendered":"<p>Dobr\u00fd den, v\u011bnujte pros\u00edm n\u011bkolik minut sv\u00e9ho \u010dasu vypln\u011bn\u00edm n\u00e1sleduj\u00edc\u00edho dotazn\u00edku, kter\u00fd byl p\u0159ipraven pod z\u00e1\u0161titou \u010cesk\u00e9 spole\u010dnosti porodn\u00edch asistentek. Dotazn\u00edk je ur\u010den respondentk\u00e1m s d\u00edt\u011btem ve st\u00e1\u0159\u00ed 1 rok a v\u00edce. Pro vypln\u011bn\u00ed dotazn\u00edku pokra\u010dujte zde.<\/p>\n","protected":false},"author":2,"featured_media":0,"parent":96,"menu_order":-2,"comment_status":"closed","ping_status":"closed","template":"","meta":{"inline_featured_image":false,"footnotes":""},"class_list":["post-479","page","type-page","status-publish","hentry","","tg-column-two"],"_links":{"self":[{"href":"https:\/\/www.porodniasistentky.info\/index.php\/wp-json\/wp\/v2\/pages\/479","targetHints":{"allow":["GET"]}}],"collection":[{"href":"https:\/\/www.porodniasistentky.info\/index.php\/wp-json\/wp\/v2\/pages"}],"about":[{"href":"https:\/\/www.porodniasistentky.info\/index.php\/wp-json\/wp\/v2\/types\/page"}],"author":[{"embeddable":true,"href":"https:\/\/www.porodniasistentky.info\/index.php\/wp-json\/wp\/v2\/users\/2"}],"replies":[{"embeddable":true,"href":"https:\/\/www.porodniasistentky.info\/index.php\/wp-json\/wp\/v2\/comments?post=479"}],"version-history":[{"count":2,"href":"https:\/\/www.porodniasistentky.info\/index.php\/wp-json\/wp\/v2\/pages\/479\/revisions"}],"predecessor-version":[{"id":484,"href":"https:\/\/www.porodniasistentky.info\/index.php\/wp-json\/wp\/v2\/pages\/479\/revisions\/484"}],"up":[{"embeddable":true,"href":"https:\/\/www.porodniasistentky.info\/index.php\/wp-json\/wp\/v2\/pages\/96"}],"wp:attachment":[{"href":"https:\/\/www.porodniasistentky.info\/index.php\/wp-json\/wp\/v2\/media?parent=479"}],"curies":[{"name":"wp","href":"https:\/\/api.w.org\/{rel}","templated":true}]}}