{"id":39737,"date":"2024-06-12T12:18:02","date_gmt":"2024-06-12T11:18:02","guid":{"rendered":"https:\/\/www.porodniasistentky.info\/?page_id=39737"},"modified":"2024-06-12T12:21:31","modified_gmt":"2024-06-12T11:21:31","slug":"problematika-laktacniho-poradenstvi","status":"publish","type":"page","link":"https:\/\/www.porodniasistentky.info\/index.php\/pruzkumy\/problematika-laktacniho-poradenstvi\/","title":{"rendered":"Problematika lakta\u010dn\u00edho poradenstv\u00ed"},"content":{"rendered":"\n<p>Dobr\u00fd den,<\/p>\n<p>v\u011bnujte pros\u00edm n\u011bkolik minut sv\u00e9ho \u010dasu vypln\u011bn\u00edm n\u00e1sleduj\u00edc\u00edho dotazn\u00edku, kter\u00fd byl p\u0159ipraven porodn\u00ed asistentkou Ad\u00e9lou \u0160vestkovou. V sou\u010dasn\u00e9 dob\u011b je studentkou doktorsk\u00e9ho programu O\u0161et\u0159ovatelstv\u00ed na Univerzit\u011b Palack\u00e9ho v Olomouci. Anonymn\u00ed dotazn\u00edk se t\u00fdk\u00e1 pomoci lakta\u010dn\u00ed poradkyn\u011b p\u0159i kojen\u00ed a je sou\u010d\u00e1st\u00ed\u00a0 diserta\u010dn\u00ed pr\u00e1ce.<\/p>\n<p>Dotazn\u00edk je ur\u010den pro \u017eeny, kter\u00e9 vyhledaly pomoc lakta\u010dn\u00ed poradkyn\u011b.<\/p>\n<p><a href=\"https:\/\/www.survio.com\/survey\/d\/C7M2S8X9P1B3Y6B8M\">Pro vypln\u011bn\u00ed dotazn\u00edku pokra\u010dujte zde.<\/a><\/p>\n","protected":false},"excerpt":{"rendered":"<p>Dobr\u00fd den, v\u011bnujte pros\u00edm n\u011bkolik minut sv\u00e9ho \u010dasu vypln\u011bn\u00edm n\u00e1sleduj\u00edc\u00edho dotazn\u00edku, kter\u00fd byl p\u0159ipraven porodn\u00ed asistentkou Ad\u00e9lou \u0160vestkovou. V sou\u010dasn\u00e9 dob\u011b je studentkou doktorsk\u00e9ho programu O\u0161et\u0159ovatelstv\u00ed na Univerzit\u011b Palack\u00e9ho v Olomouci. Anonymn\u00ed dotazn\u00edk se t\u00fdk\u00e1 pomoci lakta\u010dn\u00ed poradkyn\u011b p\u0159i kojen\u00ed<\/p>\n","protected":false},"author":5,"featured_media":0,"parent":96,"menu_order":-3,"comment_status":"closed","ping_status":"closed","template":"","meta":{"inline_featured_image":false,"footnotes":""},"class_list":["post-39737","page","type-page","status-publish","hentry","","tg-column-two"],"_links":{"self":[{"href":"https:\/\/www.porodniasistentky.info\/index.php\/wp-json\/wp\/v2\/pages\/39737","targetHints":{"allow":["GET"]}}],"collection":[{"href":"https:\/\/www.porodniasistentky.info\/index.php\/wp-json\/wp\/v2\/pages"}],"about":[{"href":"https:\/\/www.porodniasistentky.info\/index.php\/wp-json\/wp\/v2\/types\/page"}],"author":[{"embeddable":true,"href":"https:\/\/www.porodniasistentky.info\/index.php\/wp-json\/wp\/v2\/users\/5"}],"replies":[{"embeddable":true,"href":"https:\/\/www.porodniasistentky.info\/index.php\/wp-json\/wp\/v2\/comments?post=39737"}],"version-history":[{"count":2,"href":"https:\/\/www.porodniasistentky.info\/index.php\/wp-json\/wp\/v2\/pages\/39737\/revisions"}],"predecessor-version":[{"id":39742,"href":"https:\/\/www.porodniasistentky.info\/index.php\/wp-json\/wp\/v2\/pages\/39737\/revisions\/39742"}],"up":[{"embeddable":true,"href":"https:\/\/www.porodniasistentky.info\/index.php\/wp-json\/wp\/v2\/pages\/96"}],"wp:attachment":[{"href":"https:\/\/www.porodniasistentky.info\/index.php\/wp-json\/wp\/v2\/media?parent=39737"}],"curies":[{"name":"wp","href":"https:\/\/api.w.org\/{rel}","templated":true}]}}