{"id":287,"date":"2016-08-10T07:24:09","date_gmt":"2016-08-10T06:24:09","guid":{"rendered":"http:\/\/porodniasistentky.3sixty.eu\/?page_id=287"},"modified":"2018-06-01T10:56:42","modified_gmt":"2018-06-01T09:56:42","slug":"doporucene-postupy-cgps","status":"publish","type":"page","link":"https:\/\/www.porodniasistentky.info\/index.php\/doporucene-postupy\/doporucene-postupy-cgps\/","title":{"rendered":"Doporu\u010den\u00e9 postupy \u010cGPS \u010cLS JEP"},"content":{"rendered":"<h2><span style=\"color: #000080;\">Vyd\u00e1no 2018<\/span><\/h2>\n<p><a href=\"https:\/\/www.lekaridnes.cz\/wp-content\/uploads\/2018\/05\/DP_Analgezie.pdf\" class=\"mtli_attachment mtli_pdf\">2018 &#8211; Analgezie u vagin\u00e1ln\u00edho porodu<\/a><\/p>\n<p><a href=\"https:\/\/www.lekaridnes.cz\/wp-content\/uploads\/2018\/05\/DP_P%C5%BDOK.pdf\" class=\"mtli_attachment mtli_pdf\">2018 &#8211; Diagnostika a l\u00e9\u010dba peripart\u00e1ln\u00edho \u017eivot ohro\u017euj\u00edc\u00edho krv\u00e1cen\u00ed<\/a><\/p>\n<p><a href=\"https:\/\/www.lekaridnes.cz\/wp-content\/uploads\/2018\/05\/DP_tlak.pdf\" class=\"mtli_attachment mtli_pdf\">2018 &#8211; Hypertenzn\u00ed onemocn\u011bn\u00ed v t\u011bhotenstv\u00ed<\/a><\/p>\n<p><a href=\"https:\/\/www.porodniasistentky.info\/wp-content\/uploads\/2018\/05\/p-2018-roztrousena-skleroza-a-tehotenstvi.pdf\" class=\"mtli_attachment mtli_pdf\">2018 &#8211;\u00a0 Roztrou\u0161en\u00e1 skler\u00f3za a t\u011bhotenstv\u00ed<\/a><\/p>\n<h2>Vyd\u00e1no 2017<\/h2>\n<p><a href=\"https:\/\/www.porodniasistentky.info\/wp-content\/uploads\/2016\/08\/Intrahepatalni-cholestaza-ICP.pdf\" class=\"mtli_attachment mtli_pdf\">2017 &#8211; Intrahepat\u00e1ln\u00ed cholest\u00e1za (ICP)<\/a><\/p>\n<p><a href=\"https:\/\/www.porodniasistentky.info\/wp-content\/uploads\/2016\/08\/Predcasny-spontanni-porod.pdf\" class=\"mtli_attachment mtli_pdf\">2017 &#8211; P\u0159ed\u010dasn\u00fd spont\u00e1nn\u00ed porod<\/a><\/p>\n<p><a href=\"https:\/\/www.porodniasistentky.info\/wp-content\/uploads\/2016\/08\/Predcasny-odtok-plodove-vody-PPROM.pdf\" class=\"mtli_attachment mtli_pdf\">2017 &#8211; P\u0159ed\u010dasn\u00fd odtok plodov\u00e9 vody (PPROM)<\/a><\/p>\n<h2>Vyd\u00e1no 2016<\/h2>\n<p><a href=\"https:\/\/www.porodniasistentky.info\/wp-content\/uploads\/2016\/08\/Hemolytick\u00e9-nemoci-plodu.pdf\" class=\"mtli_attachment mtli_pdf\">2016 &#8211; Hemolytick\u00e9 nemoci plodu<\/a><\/p>\n<p><a href=\"https:\/\/www.porodniasistentky.info\/wp-content\/uploads\/2016\/08\/Gestacni-diabetes-GDM.pdf\" class=\"mtli_attachment mtli_pdf\">2016 &#8211; Gesta\u010dn\u00ed diabetes (GDM)<\/a><\/p>\n<p><a href=\"https:\/\/www.porodniasistentky.info\/wp-content\/uploads\/2016\/08\/p-2016-diagnostika-a-lecba-sepse-v-souvislosti-s-tehotenstvim.pdf\" class=\"mtli_attachment mtli_pdf\">2016 &#8211; Diagnostika a l\u00e9\u010dba sepse v souvislosti s t\u011bhotenstv\u00edm<\/a><\/p>\n<p><a href=\"https:\/\/www.porodniasistentky.info\/wp-content\/uploads\/2016\/08\/p-2016-interpretace-intrapartalniho-fetalniho-kardiotokogramu-figo-2015.pdf\" class=\"mtli_attachment mtli_pdf\">2016 &#8211; Interpratace intrapart\u00e1ln\u00edho fet\u00e1ln\u00edho kardiiotokogramu FIGO 2015<\/a><\/p>\n<p><a href=\"https:\/\/www.porodniasistentky.info\/wp-content\/uploads\/2016\/08\/p-2016-operacni-vaginalni-porod.pdf\" class=\"mtli_attachment mtli_pdf\">2016 &#8211; Opera\u010dn\u00ed vagin\u00e1ln\u00ed porod<\/a><\/p>\n<p><a href=\"https:\/\/www.porodniasistentky.info\/wp-content\/uploads\/2016\/08\/p-2016-porod-velkeho-plodu.pdf\" class=\"mtli_attachment mtli_pdf\">2016 &#8211; Porod velk\u00e9ho plodu<\/a><\/p>\n<p><a href=\"https:\/\/www.porodniasistentky.info\/wp-content\/uploads\/2016\/08\/p-2016-poterminova-gravidita.pdf\" class=\"mtli_attachment mtli_pdf\">2016 &#8211; Poterm\u00ednov\u00e1 gravidita<\/a><\/p>\n<p><a href=\"https:\/\/www.porodniasistentky.info\/wp-content\/uploads\/2016\/08\/p-2016-preindukce-a-indukce-porodu.pdf\" class=\"mtli_attachment mtli_pdf\">2016 &#8211; Preindukce a indukce porodu<\/a><\/p>\n<h2>Vyd\u00e1no 2015<\/h2>\n<p><a href=\"https:\/\/www.porodniasistentky.info\/wp-content\/uploads\/2016\/08\/p-2015-gestacni-diabetes-mellitus.pdf\" class=\"mtli_attachment mtli_pdf\">2015 &#8211; Gesta\u010dn\u00ed diabetes mellitus<\/a><\/p>\n<p><a href=\"https:\/\/www.porodniasistentky.info\/wp-content\/uploads\/2016\/08\/p-2015-vyznam-vysetreni-protilatek-a-krevni-skupiny-v-tehotenstvi.pdf\" class=\"mtli_attachment mtli_pdf\">2015 &#8211; V\u00fdznam vy\u0161et\u0159en\u00ed protil\u00e1htek a krevn\u00ed skupiny v t\u011bhotenstv\u00ed<\/a><\/p>\n<p><a href=\"https:\/\/www.porodniasistentky.info\/wp-content\/uploads\/2016\/08\/p-2015-zasady-dispenzarni-pece-ve-fyziologickem-tehotenstvi.pdf\" class=\"mtli_attachment mtli_pdf\">2015 &#8211; Z\u00e1sady dispenz\u00e1rn\u00ed p\u00e9\u010de ve fyziologick\u00e9m t\u011bhotenstv\u00ed<\/a><\/p>\n<h2>Vyd\u00e1no 2014<\/h2>\n<p><a href=\"https:\/\/www.porodniasistentky.info\/wp-content\/uploads\/2016\/08\/p-2014-hellp-syndrom-diagnostika-a-lecba.pdf\" class=\"mtli_attachment mtli_pdf\">2014 &#8211; Hellp syndrom, diagnostika a l\u00e9\u010dba<\/a><\/p>\n<p><a href=\"https:\/\/www.porodniasistentky.info\/wp-content\/uploads\/2016\/08\/p-2014-podrobne-hodnoceni-morfologie-plodu-pri-ultrazvukovem-vysetreni-ve-20-22-tydnu-tehotenstvi.pdf\" class=\"mtli_attachment mtli_pdf\">2014 &#8211; Podrobn\u00e9 hodnocen\u00ed morfologie plodu p\u0159i ultrazvukov\u00e9m vy\u0161et\u0159en\u00ed ve 20 &#8211; 22 t\u00fddnu t\u011bhotenstv\u00ed\u00a0<\/a><\/p>\n<p><a href=\"https:\/\/www.porodniasistentky.info\/wp-content\/uploads\/2016\/08\/p-2014-tehotenska-cholestaticka-hepatoza-intrahepatic-cholestasis-of-pregnancy-icp.pdf\" class=\"mtli_attachment mtli_pdf\">2014 &#8211; T\u011bhotensk\u00e1 cholestatick\u00e9 hepat\u00f3za\u00a0<\/a><\/p>\n<p><a href=\"https:\/\/www.porodniasistentky.info\/wp-content\/uploads\/2016\/08\/p-2014-vedeni-porod-mrtveho-plodu.pdf\" class=\"mtli_attachment mtli_pdf\">2014 &#8211; Veden\u00ed porodu mrtv\u00e9ho plodu<\/a><\/p>\n<p><a href=\"https:\/\/www.porodniasistentky.info\/wp-content\/uploads\/2016\/08\/p-2014-zakladni-a-fakultativni-vysetreni-po-porodu-mrtveho-plodu.pdf\" class=\"mtli_attachment mtli_pdf\">2014 &#8211; Z\u00e1kladn\u00ed a fakultativn\u00ed vy\u0161et\u0159en\u00ed po porodu mrtv\u00e9ho plodu<\/a><\/p>\n<h2>Vyd\u00e1no 2013<\/h2>\n<p><a href=\"https:\/\/www.porodniasistentky.info\/wp-content\/uploads\/2016\/08\/p-2013-doporuceni-k-provadeni-prevence-rhd-aloimunizace-u-rhd-negativnich-zen.pdf\" class=\"mtli_attachment mtli_pdf\">2013 &#8211; Doporu\u010den\u00ed k prov\u00e1den\u00ed prevence RHD aloimunizace u RHD negativn\u00edch \u017een<\/a><\/p>\n<p><a href=\"https:\/\/www.porodniasistentky.info\/wp-content\/uploads\/2016\/08\/p-2013-diagnostika-a-lecba-streptokoku-skupiny-b-v-tehotenstvi.pdf\" class=\"mtli_attachment mtli_pdf\">2013 &#8211; Diagnostika a l\u00e9\u010dba streptokokdiagnostika-a-lecba-streptokoku-skupiny-b-v-tehotenstvi<\/a><\/p>\n<p><a href=\"https:\/\/www.porodniasistentky.info\/wp-content\/uploads\/2016\/08\/p-2013-pece-o-tehotenstvi-s-intrauterinni-rustovou-retardaci-plodu.pdf\" class=\"mtli_attachment mtli_pdf\">2013 &#8211; P\u00e9\u010de o t\u011bhotenstv\u00ed s intrauterinn\u00ed r\u016fstovou retardac\u00ed plodu<\/a><\/p>\n<p><a href=\"https:\/\/www.porodniasistentky.info\/wp-content\/uploads\/2016\/08\/p-2013-perinatalni-infekce-a-podavani-antibiotikpodle-novych-poznatku.pdf\" class=\"mtli_attachment mtli_pdf\">2013 &#8211;\u00a0Perinat\u00e1ln\u00ed infekce a pod\u00e1v\u00e1n\u00ed antibiotik podle nov\u00fdch poznatk\u016f\u00a0<\/a><\/p>\n<p><a href=\"https:\/\/www.porodniasistentky.info\/wp-content\/uploads\/2016\/08\/p-2013-podminky-za-kterych-lze-akceptovat-porod-do-vody-na-pracovistich-ktera-se-k-takove-alternative-rozhodnou.pdf\" class=\"mtli_attachment mtli_pdf\">2013 &#8211; Podm\u00ednky za kter\u00fdch lze akceptovat porod do vody na pracovi\u0161t\u00edch, kter\u00e9 se k takov\u00e9to alternativ\u011b rozhodnou<\/a><\/p>\n<p><a href=\"https:\/\/www.porodniasistentky.info\/wp-content\/uploads\/2016\/08\/p-2013-pravidelna-ultrazvukova-vysetreni-v-prubehu-prenatalni-pece.pdf\" class=\"mtli_attachment mtli_pdf\">2013 &#8211; Pravideln\u00e1 ultrazvukov\u00e1 vy\u0161et\u0159en\u00ed v pr\u016fb\u011bhu prenat\u00e1ln\u00ed p\u00e9\u010de<\/a><\/p>\n<p><a href=\"https:\/\/www.porodniasistentky.info\/wp-content\/uploads\/2016\/08\/p-2013-prenatalni-pece-o-vicecetna-tehotenstvi.pdf\" class=\"mtli_attachment mtli_pdf\">2013 &#8211; Prenat\u00e1ln\u00ed p\u00e9\u010de o v\u00edce\u010detn\u00e1 t\u011bhotenstv\u00ed<\/a><\/p>\n<p><a href=\"https:\/\/www.porodniasistentky.info\/wp-content\/uploads\/2016\/08\/p-2013-soucasne-nazory-na-management-odtoku-plodove-vody.pdf\" class=\"mtli_attachment mtli_pdf\">2013 &#8211; Sou\u010dasn\u00e9 n\u00e1zory na management odtoku plodov\u00e9 vody<\/a><\/p>\n<p><a href=\"https:\/\/www.porodniasistentky.info\/wp-content\/uploads\/2016\/08\/p-2013-vedeni-porodu-u-tehotne-s-cisarskym-rezem-a-anamneze-ultrazvukova-vysetreni-pred-stanovenim-taktiky-vedeni-porodu.pdf\" class=\"mtli_attachment mtli_pdf\">2013 &#8211; Veden\u00ed porodu u t\u011bhotn\u00e9 s c\u00edsa\u0159sk\u00fdm \u0159ezem v anamn\u00e9ze, ultrazvukov\u00e1 vy\u0161et\u0159en\u00ed p\u0159ed stanoven\u00edm taktiky veden\u00ed porodu<\/a><\/p>\n<p><a href=\"https:\/\/www.porodniasistentky.info\/wp-content\/uploads\/2016\/08\/p-2013-vedeni-porodu-vicecetneho-tehotenstvi.pdf\" class=\"mtli_attachment mtli_pdf\">2013 &#8211; Veden\u00ed porodu v\u00edce\u010detn\u00e9ho t\u011bhotenstv\u00ed<\/a><\/p>\n<p><a href=\"https:\/\/www.porodniasistentky.info\/wp-content\/uploads\/2016\/08\/p-2013-vedeni-prenatalni-pece-a-porodu-donoseneho-plodu-v-poloze-koncem-panevnim.pdf\" class=\"mtli_attachment mtli_pdf\">2013 &#8211; Veden\u00ed prenat\u00e1ln\u00ed p\u00e9\u010de a porodu dono\u0161en\u00e9ho plodu v poloze koncem p\u00e1nevn\u00edm<\/a><\/p>\n<h2>Vyd\u00e1no 2012<\/h2>\n<p><a href=\"https:\/\/www.porodniasistentky.info\/wp-content\/uploads\/2016\/08\/p-2012-aplikace-kortikosteroidu.pdf\" class=\"mtli_attachment mtli_pdf\">2012 &#8211; Aplikace kortikosteroid\u016f<\/a><\/p>\n<p><a href=\"https:\/\/www.porodniasistentky.info\/wp-content\/uploads\/2016\/08\/p-2012-doporuceni-k-pomoci-rodicce-pri-tlaceni-ve-druhe-dobe-porodni.pdf\" class=\"mtli_attachment mtli_pdf\">2012 &#8211; Doporu\u010den\u00ed k pomoci rodi\u010dce p\u0159i tla\u010den\u00ed ve druh\u00e9 dob\u011b porodn\u00ed<\/a><\/p>\n<p><a href=\"https:\/\/www.porodniasistentky.info\/wp-content\/uploads\/2016\/08\/p-2012-dystokie-ramenek.pdf\" class=\"mtli_attachment mtli_pdf\">2012 &#8211; Dystokie ram\u00e9nek\u00a0<\/a><\/p>\n<p><a href=\"https:\/\/www.porodniasistentky.info\/wp-content\/uploads\/2016\/08\/p-2012-exrakce-plodu-klestemi.pdf\" class=\"mtli_attachment mtli_pdf\">2012 &#8211; Extrakce plodu kle\u0161t\u011bmi\u00a0<\/a><\/p>\n<p><a href=\"https:\/\/www.porodniasistentky.info\/wp-content\/uploads\/2016\/08\/p-2012-extrakce-plodu-vakuumextrakci.pdf\" class=\"mtli_attachment mtli_pdf\">2012 &#8211; Extrakce plodu vakuumextrakc\u00ed\u00a0<\/a><\/p>\n<p><a href=\"https:\/\/www.porodniasistentky.info\/wp-content\/uploads\/2016\/08\/p-2012-ockovani-v-tehotenstvi.pdf\" class=\"mtli_attachment mtli_pdf\">2012 &#8211; O\u010dkov\u00e1n\u00ed v t\u011bhotenstv\u00ed<\/a><\/p>\n<p><a href=\"https:\/\/www.porodniasistentky.info\/wp-content\/uploads\/2016\/08\/p-2012-pece-o-zeny-se-zavaznym-porodnim-poranenim-hraze.pdf\" class=\"mtli_attachment mtli_pdf\">2012 &#8211;\u00a0P\u00e9\u010de o \u017eeny se z\u00e1va\u017en\u00fdm porodnick\u00fdm poran\u011bn\u00edm hr\u00e1ze<\/a><\/p>\n<p><a href=\"https:\/\/www.porodniasistentky.info\/wp-content\/uploads\/2016\/08\/p-2012-provadeni-extrakce-plodu-ulozeneho-v-poloze-podelne-koncem-panevnim.pdf\" class=\"mtli_attachment mtli_pdf\">2012 &#8211; Prov\u00e1d\u011bn\u00ed extrakce plodu ulo\u017een\u00e9ho v poloze pod\u00e9ln\u00e9 koncem p\u00e1nevn\u00edm<\/a><\/p>\n<p><a href=\"https:\/\/www.porodniasistentky.info\/wp-content\/uploads\/2016\/08\/p-2012-tokolyza.pdf\" class=\"mtli_attachment mtli_pdf\">2012 &#8211; Tokol\u00fdza<\/a><\/p>\n<p><a href=\"https:\/\/www.porodniasistentky.info\/wp-content\/uploads\/2016\/08\/p-2012-vedeni-porodu-u-tehotne-s-cisarskym-rezem-v-anamneze.pdf\" class=\"mtli_attachment mtli_pdf\">2012 &#8211; Veden\u00ed porodu u t\u011bhotn\u00e9 s c\u00edsa\u0159sk\u00fdm \u0159ezem v anamn\u00e9ze<\/a><\/p>\n<h2>Vyd\u00e1no 2011<\/h2>\n<p><a href=\"https:\/\/www.porodniasistentky.info\/wp-content\/uploads\/2016\/08\/p-2011-peripartalni-zivot-ohrozujici-krvaceni.pdf\" class=\"mtli_attachment mtli_pdf\">2011 &#8211; Peripart\u00e1ln\u00ed \u017eivot ohro\u017euj\u00edc\u00ed krv\u00edcen\u00ed P\u017dOK<\/a><\/p>\n<p><a href=\"https:\/\/www.porodniasistentky.info\/wp-content\/uploads\/2016\/08\/ceska-gynekologie-2011-c-4-uhrada-anti-d.pdf\" class=\"mtli_attachment mtli_pdf\">2011 &#8211; \u010cesk\u00e1 gynekologie \u00fahrada anti &#8211; D<\/a><\/p>\n<h2>Vyd\u00e1no 2010<\/h2>\n<p><a href=\"https:\/\/www.porodniasistentky.info\/wp-content\/uploads\/2016\/08\/p-2010-antitromboticke-zajisteni-tehotnych-zen-podle-rizika-tromembolicke-nemoci-ten-.pdf\" class=\"mtli_attachment mtli_pdf\">2010 &#8211; Antitrombotick\u00e9 zaji\u0161t\u011bn\u00ed t\u011bhotn\u00fdch \u017een \u00a0podle rizika tromembolick\u00e9 nemoci TEN<\/a><\/p>\n<p><a href=\"https:\/\/www.porodniasistentky.info\/wp-content\/uploads\/2016\/08\/p-2010-doporucena-pece-ve-fyziologickem-puerperiu.pdf\" class=\"mtli_attachment mtli_pdf\">2010 &#8211; Doporu\u010den\u00e1 p\u00e9\u010de ve fyziologick\u00e9m puerperiu<\/a><\/p>\n<p><a href=\"https:\/\/www.porodniasistentky.info\/wp-content\/uploads\/2016\/08\/p-2010-herpes-genitalis-v-gravidite.pdf\" class=\"mtli_attachment mtli_pdf\">2010 &#8211; Herpes genit\u00e1lis v gravidit\u011b<\/a><\/p>\n<h2>Vyd\u00e1no 2009 a star\u0161\u00ed<\/h2>\n<p><a href=\"https:\/\/www.porodniasistentky.info\/wp-content\/uploads\/2016\/08\/p-2009-hypertenze-v-gravidite.pdf\" class=\"mtli_attachment mtli_pdf\">2009 &#8211; Hypertenze v gravidit\u011b<\/a><\/p>\n<p><a href=\"https:\/\/www.porodniasistentky.info\/wp-content\/uploads\/2016\/08\/p-2008-odborne-stanovisko-vyboru-cgps-cls-jep-a-vyboru-sekce-perinatalni-mediciny-cgps-cls-jep-k-porodum-v-domacnosti.pdf\" class=\"mtli_attachment mtli_pdf\">2008 &#8211; Odborn\u00e9 stanovisko v\u00fdboru \u010cGPS \u010cLS JEP a v\u00fdboru sekce perinat\u00e1ln\u00ed medic\u00edny \u010cGPS \u010cLS JEP k porodu v dom\u00e1cnosti<\/a><\/p>\n<p><a href=\"https:\/\/www.porodniasistentky.info\/wp-content\/uploads\/2016\/08\/p-1986-interpretace-fetalniho-kardiotokogramu-figo-1986.pdf\" class=\"mtli_attachment mtli_pdf\">1986 &#8211; Interpretace fet\u00e1ln\u00edho kardiotokogramu \u00a0FIGO 1986<\/a><\/p>\n<p>&nbsp;<\/p>\n<p>&nbsp;<\/p>\n","protected":false},"excerpt":{"rendered":"<p>Vyd\u00e1no 2018 2018 &#8211; Analgezie u vagin\u00e1ln\u00edho porodu 2018 &#8211; Diagnostika a l\u00e9\u010dba peripart\u00e1ln\u00edho \u017eivot ohro\u017euj\u00edc\u00edho krv\u00e1cen\u00ed 2018 &#8211; Hypertenzn\u00ed onemocn\u011bn\u00ed v t\u011bhotenstv\u00ed 2018 &#8211;\u00a0 Roztrou\u0161en\u00e1 skler\u00f3za a t\u011bhotenstv\u00ed Vyd\u00e1no 2017 2017 &#8211; Intrahepat\u00e1ln\u00ed cholest\u00e1za (ICP) 2017 &#8211; P\u0159ed\u010dasn\u00fd spont\u00e1nn\u00ed<\/p>\n","protected":false},"author":2,"featured_media":0,"parent":62,"menu_order":1,"comment_status":"closed","ping_status":"closed","template":"","meta":{"inline_featured_image":false,"footnotes":""},"class_list":["post-287","page","type-page","status-publish","hentry","","tg-column-two"],"_links":{"self":[{"href":"https:\/\/www.porodniasistentky.info\/index.php\/wp-json\/wp\/v2\/pages\/287","targetHints":{"allow":["GET"]}}],"collection":[{"href":"https:\/\/www.porodniasistentky.info\/index.php\/wp-json\/wp\/v2\/pages"}],"about":[{"href":"https:\/\/www.porodniasistentky.info\/index.php\/wp-json\/wp\/v2\/types\/page"}],"author":[{"embeddable":true,"href":"https:\/\/www.porodniasistentky.info\/index.php\/wp-json\/wp\/v2\/users\/2"}],"replies":[{"embeddable":true,"href":"https:\/\/www.porodniasistentky.info\/index.php\/wp-json\/wp\/v2\/comments?post=287"}],"version-history":[{"count":22,"href":"https:\/\/www.porodniasistentky.info\/index.php\/wp-json\/wp\/v2\/pages\/287\/revisions"}],"predecessor-version":[{"id":1714,"href":"https:\/\/www.porodniasistentky.info\/index.php\/wp-json\/wp\/v2\/pages\/287\/revisions\/1714"}],"up":[{"embeddable":true,"href":"https:\/\/www.porodniasistentky.info\/index.php\/wp-json\/wp\/v2\/pages\/62"}],"wp:attachment":[{"href":"https:\/\/www.porodniasistentky.info\/index.php\/wp-json\/wp\/v2\/media?parent=287"}],"curies":[{"name":"wp","href":"https:\/\/api.w.org\/{rel}","templated":true}]}}