{"id":211,"date":"2016-08-09T12:25:27","date_gmt":"2016-08-09T11:25:27","guid":{"rendered":"http:\/\/porodniasistentky.3sixty.eu\/?page_id=211"},"modified":"2016-08-09T12:31:39","modified_gmt":"2016-08-09T11:31:39","slug":"porod-doma","status":"publish","type":"page","link":"https:\/\/www.porodniasistentky.info\/index.php\/aktuality\/porod-doma\/","title":{"rendered":"Porod doma"},"content":{"rendered":"<h2>Stanovisko \u010cesk\u00e9 spole\u010dnosti porodn\u00edch asistentek k porod\u016fm \u00a0doma<\/h2>\n<p>\u010cesk\u00e1 spole\u010dnost porodn\u00edch asistentek (\u010cSPA) zastupuje porodn\u00ed asistentky ze v\u0161ech kraj\u016f \u010cesk\u00e9 republiky, soukrom\u00e9 porodn\u00ed asistentky i porodn\u00ed asistentky pracuj\u00edc\u00ed ve st\u00e1tn\u00edch a nest\u00e1tn\u00edch zdravotnick\u00fdch za\u0159\u00edzen\u00edch. \u010cSPA je jednou z nejv\u011bt\u0161\u00edch odborn\u00fdch spole\u010dnost\u00ed v \u010cR.<\/p>\n<p>Jako jedin\u00e1 odborn\u00e1 spole\u010dnost p\u016fsob\u00edc\u00ed v \u010cesk\u00e9 republice umo\u017e\u0148uje porodn\u00edm asistentk\u00e1m se profesn\u011b sdru\u017eovat ve spole\u010dnosti, kter\u00e1 zcela jasn\u011b deklaruje<\/p>\n<ul>\n<li>samostatnou p\u016fsobnost porodn\u00edch asistentek ve v\u0161ech oblastech jejich kompetenc\u00ed, tedy v komplexn\u00ed p\u00e9\u010di o t\u011bhotnou \u017eenu, rodi\u010dku a \u0161estined\u011blku a novorozence s fyziologick\u00fdm pr\u016fb\u011bhem<\/li>\n<li>intenzivn\u00ed spolupr\u00e1ci mezi porodn\u00ed asistentkou a l\u00e9ka\u0159em<\/li>\n<li>v\u00edcestup\u0148ovou mezioborovou spolupr\u00e1ci v\u00a0oblasti gynekologie a porodnictv\u00ed<\/li>\n<li>vzd\u011bl\u00e1v\u00e1n\u00ed a dal\u0161\u00ed profesn\u00ed r\u016fst sv\u00fdch \u010dlen\u016f<\/li>\n<\/ul>\n<p>D\u00edky t\u011bmto dlouhodob\u00fdm a syst\u00e9mov\u00fdm krok\u016fm, \u010cesk\u00e1 republika dlouhodob\u011b dosahuje perinatologick\u00e9 v\u00fdsledky, kter\u00e9 ji objektivn\u011b \u0159ad\u00ed mezi st\u00e1ty s\u00a0nevy\u0161\u0161\u00ed \u00farovn\u00ed perinat\u00e1ln\u00ed p\u00e9\u010de (viz n\u00e1rodn\u00ed sb\u011br dat o v\u0161ech porodech a novorozenc\u00edch, kter\u00fd za\u010dal v\u00a0roce 1994 a byl organizov\u00e1n ve spolupr\u00e1ci s\u00a0WHO\/Euro\/OBSQID, \u00daZIS \u010cR). V\u00a0t\u00e9to souvislosti \u010cesk\u00e1 spole\u010dnost porodn\u00edch asistentek (d\u00e1le tak\u00e9 \u010cSPA) ve\u0159ejn\u011b deklaruje, \u017ee v\u00a0sou\u010dasn\u00e9 dob\u011b nejbezpe\u010dn\u011bj\u0161\u00ed m\u00edsto pro narozen\u00ed \u010dlov\u011bka p\u0159edstavuje v\u00a0na\u0161\u00ed zemi zdravotnick\u00e9 za\u0159\u00edzen\u00ed. Zdravotnick\u00e9 za\u0159\u00edzen\u00ed poskytuje a zaru\u010duje podm\u00ednky t\u011bsn\u00e9 odborn\u00e9 mezioborov\u00e9 spolupr\u00e1ce pro p\u0159\u00edpad nepravideln\u011b prob\u00edhaj\u00edc\u00edho porodu (st\u00e1v\u00e1 se tak u cca 20-25% porod\u016f, kter\u00e9 vy\u017eaduj\u00ed specializovanou p\u00e9\u010di \u010di dokonce resuscitaci matky nebo d\u00edt\u011bte). Tato z\u00e1ruka bezpe\u010dn\u00e9ho prost\u0159ed\u00ed nen\u00ed v \u017e\u00e1dn\u00e9m rozporu se skute\u010dnost\u00ed, \u017ee porodn\u00ed asistentky standardn\u011b poskytuj\u00ed samostatnou p\u00e9\u010di u fyziologick\u00fdch porod\u016f a d\u00e1le poskytuj\u00ed p\u00e9\u010di u porod\u016f komplikovan\u00fdch ve spolupr\u00e1ci s l\u00e9ka\u0159i.<\/p>\n<h3>Stanovisko \u010cSPA:<\/h3>\n<p>I u p\u016fvodn\u011b zcela fyziologick\u00e9ho porodu zcela zdrav\u00e9 \u017eeny mohou n\u00e1hle nastat z\u00e1va\u017en\u00e9 matku a\/nebo d\u00edt\u011b zdrav\u00ed nebo dokonce \u017eivot ohro\u017euj\u00edc\u00ed komplikace. Nej\u010dast\u011bji se tak st\u00e1v\u00e1\u00a0v p\u0159\u00edpad\u011b:<\/p>\n<ul>\n<li>akutn\u00ed hypoxie\/asfyxie plodu, resp. novorozence<\/li>\n<li>\u017eivot ohro\u017euj\u00edc\u00edho krv\u00e1cen\u00ed matky<\/li>\n<\/ul>\n<p>V \u010cesk\u00e9 republice, z hlediska geografick\u00fdch a klimatick\u00fdch podm\u00ednek, nen\u00ed mo\u017en\u00e9 zajistit pro tyto p\u0159\u00edpady rychl\u00fd a nekomplikovan\u00fd transport z dom\u00e1c\u00edho prost\u0159ed\u00ed do porodnick\u00e9ho za\u0159\u00edzen\u00ed, kter\u00fd by vylou\u010dil po\u0161kozen\u00ed zdrav\u00ed z\u00a0d\u016fvodu \u010dasov\u00e9ho prodlen\u00ed. Proto, v z\u00e1jmu zdrav\u00ed obyvatel na\u0161\u00ed zem\u011b, nen\u00ed ze zdravotn\u00edch d\u016fvod\u016f vhodn\u00e9, aby nast\u00e1valy takov\u00e9 legislativn\u00ed \u00fapravy, kter\u00e9 by dom\u00e1c\u00ed porody p\u0159\u00edmo podporovaly.<\/p>\n<p>&nbsp;<\/p>\n<p><strong>Dne 29. 8. 2015<\/strong><\/p>\n<p>Mgr. Ludmila Luke\u0161ov\u00e1 \u00a0 \u00a0 \u00a0 \u00a0 \u00a0 \u00a0 \u00a0 \u00a0 \u00a0 \u00a0 \u00a0 \u00a0 \u00a0 \u00a0 \u00a0 \u00a0 \u00a0 \u00a0 \u00a0 \u00a0 \u00a0Petra Pa\u0159\u00edzkov\u00e1<\/p>\n<p>P\u0159edsedkyn\u011b\u00a0\u00a0\u00a0\u00a0\u00a0\u00a0\u00a0\u00a0\u00a0\u00a0\u00a0\u00a0\u00a0\u00a0\u00a0\u00a0\u00a0\u00a0\u00a0\u00a0\u00a0\u00a0\u00a0\u00a0\u00a0\u00a0\u00a0\u00a0\u00a0\u00a0\u00a0\u00a0\u00a0\u00a0\u00a0\u00a0\u00a0\u00a0\u00a0\u00a0\u00a0\u00a0\u00a0\u00a0\u00a0\u00a0\u00a0\u00a0\u00a0\u00a0\u00a0\u00a0\u00a0\u00a0\u00a0\u00a0\u00a0\u00a0\u00a0\u00a0\u00a0 M\u00edstop\u0159edsedkyn\u011b<\/p>\n<p>\u010cesk\u00e9 spole\u010dnosti porodn\u00edch asistentek \u00a0 \u00a0 \u00a0 \u00a0 \u00a0 \u00a0 \u00a0\u010cesk\u00e9 spole\u010dnosti porodn\u00edch asistentek<\/p>\n<h2><\/h2>\n<p>&nbsp;<\/p>\n","protected":false},"excerpt":{"rendered":"<p>Stanovisko \u010cesk\u00e9 spole\u010dnosti porodn\u00edch asistentek k porod\u016fm \u00a0doma \u010cesk\u00e1 spole\u010dnost porodn\u00edch asistentek (\u010cSPA) zastupuje porodn\u00ed asistentky ze v\u0161ech kraj\u016f \u010cesk\u00e9 republiky, soukrom\u00e9 porodn\u00ed asistentky i porodn\u00ed asistentky pracuj\u00edc\u00ed ve st\u00e1tn\u00edch a nest\u00e1tn\u00edch zdravotnick\u00fdch za\u0159\u00edzen\u00edch. \u010cSPA je jednou z nejv\u011bt\u0161\u00edch odborn\u00fdch<\/p>\n","protected":false},"author":2,"featured_media":0,"parent":77,"menu_order":0,"comment_status":"closed","ping_status":"closed","template":"","meta":{"inline_featured_image":false,"footnotes":""},"class_list":["post-211","page","type-page","status-publish","hentry","","tg-column-two"],"_links":{"self":[{"href":"https:\/\/www.porodniasistentky.info\/index.php\/wp-json\/wp\/v2\/pages\/211","targetHints":{"allow":["GET"]}}],"collection":[{"href":"https:\/\/www.porodniasistentky.info\/index.php\/wp-json\/wp\/v2\/pages"}],"about":[{"href":"https:\/\/www.porodniasistentky.info\/index.php\/wp-json\/wp\/v2\/types\/page"}],"author":[{"embeddable":true,"href":"https:\/\/www.porodniasistentky.info\/index.php\/wp-json\/wp\/v2\/users\/2"}],"replies":[{"embeddable":true,"href":"https:\/\/www.porodniasistentky.info\/index.php\/wp-json\/wp\/v2\/comments?post=211"}],"version-history":[{"count":4,"href":"https:\/\/www.porodniasistentky.info\/index.php\/wp-json\/wp\/v2\/pages\/211\/revisions"}],"predecessor-version":[{"id":216,"href":"https:\/\/www.porodniasistentky.info\/index.php\/wp-json\/wp\/v2\/pages\/211\/revisions\/216"}],"up":[{"embeddable":true,"href":"https:\/\/www.porodniasistentky.info\/index.php\/wp-json\/wp\/v2\/pages\/77"}],"wp:attachment":[{"href":"https:\/\/www.porodniasistentky.info\/index.php\/wp-json\/wp\/v2\/media?parent=211"}],"curies":[{"name":"wp","href":"https:\/\/api.w.org\/{rel}","templated":true}]}}