{"id":1763,"date":"2018-06-29T11:44:36","date_gmt":"2018-06-29T10:44:36","guid":{"rendered":"http:\/\/www.porodniasistentky.info\/?page_id=1763"},"modified":"2018-12-12T13:04:19","modified_gmt":"2018-12-12T12:04:19","slug":"kriticke-stavy-v-porodnictvi","status":"publish","type":"page","link":"https:\/\/www.porodniasistentky.info\/index.php\/vzdelavani\/vzdelavani-2018\/kriticke-stavy-v-porodnictvi\/","title":{"rendered":"Kritick\u00e9 stavy v porodnictv\u00ed 2018"},"content":{"rendered":"<p><strong>8. prosince 2018<br \/>\n<\/strong><\/p>\n<p><strong>M\u00edsto kon\u00e1n\u00ed: <\/strong>nov\u00e1 budova N\u00e1rodn\u00edho muzea v Praze, Vinohradsk\u00e1 1<\/p>\n<p><strong>Po\u0159adatel:<br \/>\n<\/strong>Gynekologicko \u2013 porodnick\u00e1 klinika 1. LF UK a VFN v Praze<br \/>\nSekce analgezie a anestezie v porodnictv\u00ed pri \u010cGPS \u010cLS JEP<br \/>\n\u010cesk\u00e1 spole\u010dnost porodn\u00edch asistentek<br \/>\nAesculap academie<\/p>\n<p><strong>Garant:<\/strong><br \/>\nprof. MUDr. Anton\u00edn Pa\u0159\u00edzek, CSc.<br \/>\n<em>p\u0159edseda\u00a0Sekce analgezie a anestezie v porodnictv\u00ed pri \u010cGPS \u010cLS JE<\/em>P<\/p>\n<p><strong>Z\u00e1\u0161tita:<br \/>\n<\/strong>prof. MUDr. Tom\u00e1\u0161 Zima, DrSc., MBA<br \/>\n<em>rektor Univerzity Karlovy v Praze<\/em><\/p>\n<p><strong>Registra\u010dn\u00ed poplatek:<br \/>\n<\/strong>L\u00e9ka\u0159i: 1200,- K\u010d<br \/>\nNel\u00e9ka\u0159i: 700,- K\u010d<br \/>\n\u010clenky \u010cSPA: 500,- K\u010d<\/p>\n<p><strong><a href=\"https:\/\/www.porodniasistentky.info\/wp-content\/uploads\/2018\/08\/Kritick\u00e9-stavy-v-porodnictv\u00ed-2018.pdf\" class=\"mtli_attachment mtli_pdf\">Program<\/a><\/strong><\/p>\n","protected":false},"excerpt":{"rendered":"<p>8. prosince 2018 M\u00edsto kon\u00e1n\u00ed: nov\u00e1 budova N\u00e1rodn\u00edho muzea v Praze, Vinohradsk\u00e1 1 Po\u0159adatel: Gynekologicko \u2013 porodnick\u00e1 klinika 1. LF UK a VFN v Praze Sekce analgezie a anestezie v porodnictv\u00ed pri \u010cGPS \u010cLS JEP \u010cesk\u00e1 spole\u010dnost porodn\u00edch asistentek Aesculap<\/p>\n","protected":false},"author":3,"featured_media":0,"parent":1444,"menu_order":4,"comment_status":"closed","ping_status":"closed","template":"","meta":{"inline_featured_image":false,"footnotes":""},"class_list":["post-1763","page","type-page","status-publish","hentry","","tg-column-two"],"_links":{"self":[{"href":"https:\/\/www.porodniasistentky.info\/index.php\/wp-json\/wp\/v2\/pages\/1763","targetHints":{"allow":["GET"]}}],"collection":[{"href":"https:\/\/www.porodniasistentky.info\/index.php\/wp-json\/wp\/v2\/pages"}],"about":[{"href":"https:\/\/www.porodniasistentky.info\/index.php\/wp-json\/wp\/v2\/types\/page"}],"author":[{"embeddable":true,"href":"https:\/\/www.porodniasistentky.info\/index.php\/wp-json\/wp\/v2\/users\/3"}],"replies":[{"embeddable":true,"href":"https:\/\/www.porodniasistentky.info\/index.php\/wp-json\/wp\/v2\/comments?post=1763"}],"version-history":[{"count":12,"href":"https:\/\/www.porodniasistentky.info\/index.php\/wp-json\/wp\/v2\/pages\/1763\/revisions"}],"predecessor-version":[{"id":2714,"href":"https:\/\/www.porodniasistentky.info\/index.php\/wp-json\/wp\/v2\/pages\/1763\/revisions\/2714"}],"up":[{"embeddable":true,"href":"https:\/\/www.porodniasistentky.info\/index.php\/wp-json\/wp\/v2\/pages\/1444"}],"wp:attachment":[{"href":"https:\/\/www.porodniasistentky.info\/index.php\/wp-json\/wp\/v2\/media?parent=1763"}],"curies":[{"name":"wp","href":"https:\/\/api.w.org\/{rel}","templated":true}]}}