{"id":1444,"date":"2018-01-16T12:20:03","date_gmt":"2018-01-16T11:20:03","guid":{"rendered":"http:\/\/www.porodniasistentky.info\/?page_id=1444"},"modified":"2020-01-06T10:25:25","modified_gmt":"2020-01-06T09:25:25","slug":"vzdelavani-2018","status":"publish","type":"page","link":"https:\/\/www.porodniasistentky.info\/index.php\/vzdelavani\/vzdelavani-2018\/","title":{"rendered":"Vzd\u011bl\u00e1v\u00e1n\u00ed 2018"},"content":{"rendered":"<h2>Kritick\u00e9 stavy v porodnictv\u00ed<\/h2>\n<p><strong>Dne 8. 12. prob\u011bhl kongres pod n\u00e1zvem Kritick\u00e9 stavy v porodnictv\u00ed v nov\u00e9 budov\u011b N\u00e1rodn\u00edho muzea v Praze.<br \/>\n<\/strong><\/p>\n<p>V\u00a0leto\u0161n\u00edm roce se kongresu z\u00fa\u010dastnilo \u00a0p\u0159es 520 \u00fa\u010dastn\u00edk\u016f z \u0159ad l\u00e9ka\u0159\u016f a porodn\u00edch asistentek.<br \/>\nP\u0159ednesen\u00e9 p\u0159\u00edsp\u011bvky zam\u011b\u0159en\u00e9 na novinky z\u00a0oboru a za\u0159azen\u00e9 dva obs\u00e1hl\u00e9 bloky kazuistik p\u0159isp\u011bly ke zd\u00e1rn\u00e9mu pr\u016fb\u011bhu akce. Na z\u00e1klad\u011b prvn\u00edch ohlas\u016f byl program pro poslucha\u010de velmi zaj\u00edmav\u00fd a cel\u00fd kongres hodnot\u00ed pozitivn\u011b a oce\u0148uj\u00ed jako p\u0159\u00ednosn\u00fd.<\/p>\n<p><strong>Po\u0159adatel:<br \/>\n<\/strong>Gynekologicko \u2013 porodnick\u00e1 klinika 1. LF UK a VFN v Praze<br \/>\nSekce analgezie a anestezie v porodnictv\u00ed pri \u010cGPS \u010cLS JEP<br \/>\n\u010cesk\u00e1 spole\u010dnost porodn\u00edch asistentek<br \/>\nAesculap academie<\/p>\n<p><strong>Garant:<\/strong><br \/>\nprof. MUDr. Anton\u00edn Pa\u0159\u00edzek, CSc.<br \/>\n<em>p\u0159edseda\u00a0Sekce analgezie a anestezie v porodnictv\u00ed pri \u010cGPS \u010cLS JE<\/em>P<\/p>\n<p><strong>Z\u00e1\u0161tita:<br \/>\n<\/strong>prof. MUDr. Tom\u00e1\u0161 Zima, DrSc., MBA<br \/>\n<em>rektor Univerzity Karlovy v Praze<\/em><\/p>\n<p><strong><a href=\"https:\/\/www.porodniasistentky.info\/wp-content\/uploads\/2018\/08\/Kritick\u00e9-stavy-v-porodnictv\u00ed-2018.pdf\" class=\"mtli_attachment mtli_pdf\">Program<\/a><\/strong><\/p>\n<p><a href=\"https:\/\/www.porodniasistentky.info\/index.php\/kriticke-stavy-v-porodnictvi-2018-prezentace\/\"><img decoding=\"async\" class=\"aligncenter wp-image-2656\" src=\"https:\/\/www.porodniasistentky.info\/wp-content\/uploads\/2018\/12\/Prezentace-ks-300x75.jpg\" alt=\"\" width=\"420\" height=\"105\" srcset=\"https:\/\/www.porodniasistentky.info\/wp-content\/uploads\/2018\/12\/Prezentace-ks-300x75.jpg 300w, https:\/\/www.porodniasistentky.info\/wp-content\/uploads\/2018\/12\/Prezentace-ks-768x192.jpg 768w, https:\/\/www.porodniasistentky.info\/wp-content\/uploads\/2018\/12\/Prezentace-ks-1024x256.jpg 1024w, https:\/\/www.porodniasistentky.info\/wp-content\/uploads\/2018\/12\/Prezentace-ks.jpg 1584w\" sizes=\"(max-width: 420px) 100vw, 420px\" \/><\/a><\/p>\n<h2><\/h2>\n","protected":false},"excerpt":{"rendered":"<p>Kritick\u00e9 stavy v porodnictv\u00ed Dne 8. 12. prob\u011bhl kongres pod n\u00e1zvem Kritick\u00e9 stavy v porodnictv\u00ed v nov\u00e9 budov\u011b N\u00e1rodn\u00edho muzea v Praze. V\u00a0leto\u0161n\u00edm roce se kongresu z\u00fa\u010dastnilo \u00a0p\u0159es 520 \u00fa\u010dastn\u00edk\u016f z \u0159ad l\u00e9ka\u0159\u016f a porodn\u00edch asistentek. P\u0159ednesen\u00e9 p\u0159\u00edsp\u011bvky zam\u011b\u0159en\u00e9 na<\/p>\n","protected":false},"author":3,"featured_media":0,"parent":64,"menu_order":2,"comment_status":"closed","ping_status":"closed","template":"","meta":{"inline_featured_image":false,"footnotes":""},"class_list":["post-1444","page","type-page","status-publish","hentry","","tg-column-two"],"_links":{"self":[{"href":"https:\/\/www.porodniasistentky.info\/index.php\/wp-json\/wp\/v2\/pages\/1444","targetHints":{"allow":["GET"]}}],"collection":[{"href":"https:\/\/www.porodniasistentky.info\/index.php\/wp-json\/wp\/v2\/pages"}],"about":[{"href":"https:\/\/www.porodniasistentky.info\/index.php\/wp-json\/wp\/v2\/types\/page"}],"author":[{"embeddable":true,"href":"https:\/\/www.porodniasistentky.info\/index.php\/wp-json\/wp\/v2\/users\/3"}],"replies":[{"embeddable":true,"href":"https:\/\/www.porodniasistentky.info\/index.php\/wp-json\/wp\/v2\/comments?post=1444"}],"version-history":[{"count":28,"href":"https:\/\/www.porodniasistentky.info\/index.php\/wp-json\/wp\/v2\/pages\/1444\/revisions"}],"predecessor-version":[{"id":2687,"href":"https:\/\/www.porodniasistentky.info\/index.php\/wp-json\/wp\/v2\/pages\/1444\/revisions\/2687"}],"up":[{"embeddable":true,"href":"https:\/\/www.porodniasistentky.info\/index.php\/wp-json\/wp\/v2\/pages\/64"}],"wp:attachment":[{"href":"https:\/\/www.porodniasistentky.info\/index.php\/wp-json\/wp\/v2\/media?parent=1444"}],"curies":[{"name":"wp","href":"https:\/\/api.w.org\/{rel}","templated":true}]}}