{"id":123,"date":"2016-08-01T11:39:31","date_gmt":"2016-08-01T10:39:31","guid":{"rendered":"http:\/\/porodniasistentky.3sixty.eu\/?page_id=123"},"modified":"2016-08-01T12:00:05","modified_gmt":"2016-08-01T11:00:05","slug":"1-doskolovaci-kurz","status":"publish","type":"page","link":"https:\/\/www.porodniasistentky.info\/index.php\/vzdelavani\/vzdelavani-2014\/1-doskolovaci-kurz\/","title":{"rendered":"1. do\u0161kolovac\u00ed kurz"},"content":{"rendered":"<h3>P\u00e9\u010de\u00a0o ned\u011blku s poporodn\u00edm blues a\u017e lakta\u010dn\u00ed psychozou<\/h3>\n<p>N\u00e1zev projektu: DN REPRODUKCE<br \/>\n\u010d\u00edslo projektu: CZ1.04\/3.1.03.\/D5.00048<\/p>\n<p style=\"font-weight: 300;\">Odborn\u00fdmi garanty postgradu\u00e1ln\u00edho v\u00fdukov\u00e9ho kurzu jsou:<\/p>\n<p style=\"font-weight: 300;\"><strong>doc. MUDr. Anton\u00edn Pa\u0159\u00edzek, CSc.<br \/>\n<\/strong><strong>Mgr. Danu\u0161e Jandourkov\u00e1<\/strong><\/p>\n<h3>Program 15.11.2014:<\/h3>\n<table style=\"height: 478px;\" width=\"820\">\n<thead>\n<tr>\n<td><\/td>\n<td><\/td>\n<\/tr>\n<\/thead>\n<tbody>\n<tr>\n<td>8:50 &#8211; 9:00<\/td>\n<td>\u00davod<\/td>\n<td>Mgr. Ludmila Luke\u0161ov\u00e1<\/td>\n<\/tr>\n<tr>\n<td>9:45 &#8211; 10:30<\/td>\n<td>P\u0159edporodn\u00ed p\u0159\u00edprava jej\u00ed \u00faloha v\u00a0r\u00e1mci prevence a p\u0159ipravenosti t\u011bhotn\u00fdch na roli rodi\u010de<\/td>\n<td>Doc. MUDr. Anton\u00edn Pa\u0159\u00edzek, CSc.<\/td>\n<\/tr>\n<tr>\n<td>9:00 &#8211; 9:45<\/td>\n<td>Lakta\u010dn\u00ed psych\u00f3za a jej\u00ed p\u0159\u00ed\u010diny, diagnostika a l\u00e9\u010dba<\/td>\n<td>Mgr. Danu\u0161e Jandourkov\u00e1<\/td>\n<\/tr>\n<tr>\n<td>10:30 &#8211; 11:00<\/td>\n<td><strong>K\u00e1va<\/strong><\/td>\n<td><\/td>\n<\/tr>\n<tr>\n<td>11:00 &#8211; 11:45<\/td>\n<td>Lakta\u010dn\u00ed psych\u00f3za z pohledu porodn\u00edka<\/td>\n<td>as. MUDr. Michal Kouck\u00fd, PhD.<\/td>\n<\/tr>\n<tr>\n<td>11:45 &#8211; 12:45<\/td>\n<td><strong>Ob\u011bd<\/strong><\/td>\n<td><\/td>\n<\/tr>\n<tr>\n<td>12:45 &#8211; 13:30<\/td>\n<td>Anamn\u00e9za a jej\u00ed vliv na pr\u016fb\u011bh t\u011bhotenstv\u00ed a porodu<\/td>\n<td>as. MUDr. Michal Kouck\u00fd, PhD.<\/td>\n<\/tr>\n<tr>\n<td>13:30 &#8211; 14:15<\/td>\n<td>V\u00fdznam u\u017e\u00edv\u00e1n\u00ed kyseliny listov\u00e9 v\u00a0pre-koncep\u010dn\u00edm a koncep\u010dn\u00edm obdob\u00ed<\/td>\n<td>MUDr. Ji\u0159\u00ed Emmer<\/td>\n<\/tr>\n<\/tbody>\n<\/table>\n<h2><a href=\"https:\/\/asistentky.porodnice.cz\/\">Registrace na do\u0161kolovac\u00ed kurz zde<\/a><\/h2>\n","protected":false},"excerpt":{"rendered":"<p>P\u00e9\u010de\u00a0o ned\u011blku s poporodn\u00edm blues a\u017e lakta\u010dn\u00ed psychozou N\u00e1zev projektu: DN REPRODUKCE \u010d\u00edslo projektu: CZ1.04\/3.1.03.\/D5.00048 Odborn\u00fdmi garanty postgradu\u00e1ln\u00edho v\u00fdukov\u00e9ho kurzu jsou: doc. MUDr. Anton\u00edn Pa\u0159\u00edzek, CSc. Mgr. Danu\u0161e Jandourkov\u00e1 Program 15.11.2014: 8:50 &#8211; 9:00 \u00davod Mgr. Ludmila Luke\u0161ov\u00e1 9:45 &#8211;<\/p>\n","protected":false},"author":2,"featured_media":0,"parent":120,"menu_order":0,"comment_status":"closed","ping_status":"closed","template":"","meta":{"inline_featured_image":false,"footnotes":""},"class_list":["post-123","page","type-page","status-publish","hentry","","tg-column-two"],"_links":{"self":[{"href":"https:\/\/www.porodniasistentky.info\/index.php\/wp-json\/wp\/v2\/pages\/123","targetHints":{"allow":["GET"]}}],"collection":[{"href":"https:\/\/www.porodniasistentky.info\/index.php\/wp-json\/wp\/v2\/pages"}],"about":[{"href":"https:\/\/www.porodniasistentky.info\/index.php\/wp-json\/wp\/v2\/types\/page"}],"author":[{"embeddable":true,"href":"https:\/\/www.porodniasistentky.info\/index.php\/wp-json\/wp\/v2\/users\/2"}],"replies":[{"embeddable":true,"href":"https:\/\/www.porodniasistentky.info\/index.php\/wp-json\/wp\/v2\/comments?post=123"}],"version-history":[{"count":4,"href":"https:\/\/www.porodniasistentky.info\/index.php\/wp-json\/wp\/v2\/pages\/123\/revisions"}],"predecessor-version":[{"id":139,"href":"https:\/\/www.porodniasistentky.info\/index.php\/wp-json\/wp\/v2\/pages\/123\/revisions\/139"}],"up":[{"embeddable":true,"href":"https:\/\/www.porodniasistentky.info\/index.php\/wp-json\/wp\/v2\/pages\/120"}],"wp:attachment":[{"href":"https:\/\/www.porodniasistentky.info\/index.php\/wp-json\/wp\/v2\/media?parent=123"}],"curies":[{"name":"wp","href":"https:\/\/api.w.org\/{rel}","templated":true}]}}